nder when 287 is divided by t?
55
Let b = 0 - -2. Let x(p) = -2*p**3 + 4*p**b + 19*p - 10 + 0*p**2 + 2*p**2 + p**3. What is the remainder when 67 is divided by x(8)?
11
Suppose 3*o + 1 = 7. Suppose 4*a = 3 + 9. Calculate the remainder when (o - -8) + -6 + 3 is divided by a.
1
What is the remainder when 51 + (-27 + 3)/(-6) is divided by 19?
17
Let t be 42/(-8) - (-1)/4. Let b be (3/(6 - 9))/((-1)/(-3)). Calculate the remainder when 45 is divided by b*t/(60/64).
13
Let p(g) = -7*g - 73. What is the remainder when 113 is divided by p(-15)?
17
Suppose -284 = -3*j - 11. Let f = 158 - j. What is the remainder when f is divided by 35?
32
Let c(m) = 15*m**2 + 2*m - 2. Let g(l) be the second derivative of l**4/12 + 5*l**3/6 - 11*l**2 + 9*l. Calculate the remainder when c(-2) is divided by g(-9).
12
Let c(s) = -7*s + 15. Let t(h) = -h. Let g(o) = -c(o) - 4*t(o). Let l be (-8)/(9 + -1) + (1 - -7). Calculate the remainder when g(l) is divided by 16.
14
Let x = -129 - -197. Calculate the remainder when x is divided by 12.
8
Let t(v) = -27*v**3 + v**2 + v - 1. Suppose -3*p = 3*n - 111, -2*n + 194 = 5*p + 21. Let b = -19 + p. Calculate the remainder when t(-1) is divided by b.
12
Suppose 3*f - 43 = -5*k, 0 = -k + 2*k + f - 7. Calculate the remainder when 40 is divided by k.
7
Suppose 0 = 2*z - 3*b - 95, -3*b = -2*z + 5*z - 180. Calculate the remainder when 160 is divided by z.
50
Let b = -49 - -41. Let k = 0 - b. What is the remainder when 78 is divided by k?
6
Let s = 1317 - 1314. Calculate the remainder when 506 is divided by s.
2
Suppose -4*j + 49 - 1 = 0. Let q(a) = 2*a**3 + 23*a**2 + 13*a + 24. Let s be q(-11). What is the remainder when -1*(-132)/(-6)*(-3)/s is divided by j?
9
Suppose -55 = -2*x - 3*x. Suppose 0 = 2*f + 5*v - 25, 0 = 3*f + f + 4*v - 32. Calculate the remainder when x is divided by f.
1
Let w(k) = -k**2 + 14*k + 10. Suppose 6*j + 294 = 3*j. Let n = 182 + j. What is the remainder when n is divided by w(11)?
41
Let o(k) = -4*k - 15. Let b be o(-12). Let x = b - 9. Calculate the remainder when 46 is divided by x.
22
Suppose 2*h - 288 = 3*f, 0*h + 5*h = 5*f + 730. Calculate the remainder when h is divided by 15.
0
Let h(u) = u**2 - 6*u + 7. Let s be (80/24)/(-1 + (-15)/(-9)). Suppose -s*v = i - 10, -4*v + 10 = v - 3*i. Calculate the remainder when h(5) is divided by v.
0
Let y = 1835 - 115. Let k(r) = 3*r**2 - 2. Calculate the remainder when (8/6)/(8 - y/216) is divided by k(2).
6
Suppose 198*g = 205*g - 3381. What is the remainder when g is divided by 44?
43
Let f = 19 - -11. Let n(m) = -15*m + 99. Let b be n(6). Suppose -b*d = -7*d - f. Calculate the remainder when d is divided by 8.
7
Suppose 4*p - 237 = -57. Let f = 85 - p. Calculate the remainder when f is divided by 7.
5
Let f(o) = o**3 + 9*o**2 + 9*o - 8. Let i be f(-9). Let a = i - -132. Suppose 8*p - 176 = 8. What is the remainder when a is divided by p?
20
Let g = 202 + -156. Calculate the remainder when 63 is divided by g.
17
Let b(q) = -3*q**2 - 2*q - 7. Let d be b(-3). Let z = -12 - d. What is the remainder when (-208)/(-7) + 2/7 is divided by z?
14
Suppose -81 = 11*v - 433. Calculate the remainder when 68 is divided by v.
4
Let v(u) = -5*u**2 + 2*u - 8. Let a(k) = -11*k**2 + 5*k - 16. Let d(g) = 4*a(g) - 9*v(g). Calculate the remainder when 3/(-6)*(1 + -59) is divided by d(0).
5
Suppose -4*d - o + 8 = -3*d, o - 3 = 0. Suppose -q = d*p - 42, -3*q = p - q - 3. Calculate the remainder when 34 is divided by p.
7
Let j(z) = -z**2 + 2*z + 3. Let d be j(0). Suppose d*b - 236 = -b. Calculate the remainder when b is divided by 21.
17
Suppose 4*q - 25 = 7. Let t(a) = a**2 - 7*a. Let c(z) = z**2 - 6*z + 1. Let b(i) = 4*c(i) - 3*t(i). Calculate the remainder when b(-3) is divided by q.
6
Suppose 3*w = -2*f + 439, 5*f + 2*w - 656 = 2*f. Calculate the remainder when f is divided by 37.
33
Let u(o) = -o + 2. Suppose 5*x + 4 + 6 = 0. Let m be u(x). Suppose -t - m = -10. What is the remainder when 28 is divided by t?
4
Let x = 40 - 28. Let g(r) = r**3 - r**2 + r + 3. Let p be g(0). Suppose 0 = -2*v - 4*a + 60, -2*v + p*v - 4*a = 6. What is the remainder when v is divided by x?
10
Let w(f) = f + 3. Let s(j) = -4*j - 17. Let n be s(-5). What is the remainder when 13 is divided by w(n)?
1
Suppose -4*a - 160 = 9*q - 413, -3*a + 4*q + 136 = 0. Calculate the remainder when 97 is divided by a.
45
Let o(u) = -u + 5. Let d be o(0). Suppose -12 + 68 = 4*b - d*z, 4*b + z = 32. Let r(k) = -k + 34. Calculate the remainder when r(0) is divided by b.
7
Let n = -79 + 156. Let c = n - 68. Calculate the remainder when 37 is divided by c.
1
Suppose -r + 9 = 5. Suppose r*l - 219 = -5*i + 8*l, 172 = 4*i - 4*l. What is the remainder when i is divided by 8?
7
Let c = 44 - 134. Let m be (c/20)/((-1)/(-2)). Calculate the remainder when 41 is divided by (-1408)/(-99) + 2/m.
13
Suppose 0 = z - 5 + 1, 2*z = 2*x - 106. What is the remainder when 213 is divided by x?
42
Suppose 3*p = 4*d + p - 448, -5*p = -4*d + 436. Suppose -2*w - 38 = -d. Let t = w - 28. What is the remainder when 28 is divided by t?
8
Let a = 16 - 14. What is the remainder when a/(-5) + (-227)/(-5) is divided by 12?
9
Let v(y) = 2*y + 10. Let w be v(-5). Let g be (0 + 12)*(-3)/(-2). Let i = g - w. What is the remainder when 71 is divided by i?
17
Suppose 4*l + 42 = -5*q, 2*q - l + 5 = -4. What is the remainder when 39 is divided by -3 + 5 - -2 - 96/q?
19
Suppose -18*w = -22*w - r + 744, 3*r = -12. Calculate the remainder when w is divided by 50.
37
Calculate the remainder when (47 + 1)/((-22)/(-77)) is divided by 43.
39
Let k(m) = -6 - 1 + 0 - 1 - 5*m. What is the remainder when k(-11) is divided by 24?
23
Suppose -4*x - 4329 = -5*r - 0*x, 2*r + x = 1742. Calculate the remainder when r is divided by 87.
86
Let c = -35 - -15. Calculate the remainder when 72 is divided by (-8*3/c)/((-6)/(-100)).
12
Suppose -29 = -2*a - 0*j - 3*j, 0 = 3*a - 3*j - 66. Suppose -a*z = -21*z + 18. What is the remainder when 35 is divided by z?
8
Let c(a) = -4*a + a**2 + 9 - 7*a + 8*a. What is the remainder when c(8) is divided by 13?
10
Suppose 23*i = 22*i. Suppose 4*u + 45 = -3*m + 248, -4*m + 5*u + 219 = i. What is the remainder when m is divided by 16?
13
Suppose -5*i - 4*n + 147 = 0, -6 - 90 = -3*i - 5*n. Let b be 0/(-3)*(1 + 0). Suppose 2*u + b = 20. Calculate the remainder when i is divided by u.
7
Suppose -37 = -3*j + 176. What is the remainder when j is divided by 16?
7
Let o = -130 + 157. Calculate the remainder when o is divided by 6.
3
Suppose -696 = -4*v - 108. Suppose 0 = 13*w - 12*w - 50. What is the remainder when v is divided by w?
47
Suppose -5 = 3*x - 2*q, -5*x - 2*q + 0 + 13 = 0. Let m(y) be the first derivative of 24*y**2 + y - 1. What is the remainder when m(x) is divided by 25?
24
Let a = 888 + -871. Calculate the remainder when 526 is divided by a.
16
Let w(j) = -j**2 + 3*j + 4. Let s be w(4). Suppose 4*z = -s*z + 100. What is the remainder when 74 is divided by z?
24
Suppose -8377 + 3001 = -48*h. Calculate the remainder when h is divided by 39.
34
Suppose -4*p = 12, 2*p - 243 = 6*g - 9*g. Calculate the remainder when g is divided by 12.
11
Let d be (-3)/15 + (-1022)/(-10). Suppose 2*l + l - d = 0. Suppose -l = -2*f + 22. What is the remainder when f is divided by 10?
8
Suppose 0 = 3*y - 6 - 3. Let n = -11 - -32. Suppose n = 3*h + y. What is the remainder when 16 is divided by h?
4
What is the remainder when (-24)/3 + 1 - -48 is divided by 22?
19
Suppose 3 = 5*u - 12. Suppose u*h + 3*m - 258 = 0, 3*h + 2*m + 180 = 5*h. What is the remainder when h is divided by 13?
10
Let r be (-48)/(-5) + 6/15. Suppose -l + 135 = 8*l. Calculate the remainder when l is divided by (4/10)/(1/r).
3
What is the remainder when 326 is divided by (-410)/25*((-27)/6 - -2)?
39
Suppose 5*j - 16 = -v, 4*j + v - 7 = 5. Suppose 2*a - j = -12. Calculate the remainder when ((534 + 2)/a)/(-2) is divided by 14.
11
Let d be (-6)/(-18) + (-511)/3. Let t = -59 - d. Calculate the remainder when t is divided by 29.
24
Calculate the remainder when -13*11/(77/14)*-1 is divided by 1.
0
Let m(p) = -4*p - 4. Let a be 46/3*(0 + 6). Let y = a + -33. Calculate the remainder when y is divided by m(-6).
19
Let h(t) = 0*t**2 + t**2 - 2*t + 17 - 5*t. Calculate the remainder when h(8) is divided by 9